nd 2004910?
10
Calculate the greatest common factor of 46528 and 64448.
64
Calculate the highest common factor of 24953075 and 275.
25
What is the highest common divisor of 166504 and 819?
13
Calculate the greatest common divisor of 3320840 and 75640.
2440
What is the highest common divisor of 268 and 16829797?
67
Calculate the highest common divisor of 128957 and 1161.
43
Calculate the greatest common divisor of 130 and 626366.
26
Calculate the highest common divisor of 9651773 and 298.
149
What is the highest common factor of 19292 and 380752?
212
Calculate the highest common divisor of 249278 and 13786.
226
Calculate the highest common divisor of 3 and 1209273.
3
Calculate the greatest common divisor of 148491636 and 12.
12
Calculate the greatest common factor of 31850 and 224770.
910
Calculate the highest common divisor of 67616 and 80623628.
8452
Calculate the greatest common factor of 42220 and 3470.
10
What is the highest common divisor of 504512 and 3136?
64
What is the highest common factor of 68127420 and 75?
15
Calculate the highest common divisor of 107750 and 5928836.
862
What is the greatest common divisor of 1437525 and 216?
9
Calculate the highest common divisor of 17127702 and 761463.
10431
Calculate the highest common divisor of 136072838 and 47278.
6754
Calculate the highest common divisor of 589 and 647280372.
589
What is the greatest common factor of 484947 and 62208?
81
What is the greatest common factor of 56808 and 79092?
36
What is the greatest common divisor of 97587 and 2061?
9
Calculate the highest common divisor of 2118784 and 6784.
128
What is the highest common factor of 757 and 627660494?
757
What is the highest common divisor of 65 and 17737005?
65
What is the highest common divisor of 101088 and 2880?
288
What is the greatest common factor of 339147 and 62568?
711
What is the highest common divisor of 423660 and 289110?
690
What is the highest common factor of 588664960 and 130?
130
What is the greatest common divisor of 2044524 and 439996?
1388
Calculate the greatest common divisor of 29 and 38863857.
29
Calculate the greatest common factor of 321020594 and 830.
166
Calculate the highest common divisor of 892097199 and 5778.
2889
What is the highest common factor of 114027588 and 4104?
2052
What is the highest common divisor of 7011252 and 1944?
108
What is the greatest common divisor of 11857824 and 957?
33
What is the highest common divisor of 260 and 1716400?
20
Calculate the greatest common divisor of 80825 and 92049.
61
What is the greatest common factor of 336826 and 392?
98
Calculate the highest common divisor of 6669243 and 21168.
1323
What is the highest common divisor of 315 and 1449330?
15
What is the highest common factor of 73850816 and 1924?
1924
Calculate the greatest common factor of 416 and 57836688.
208
Calculate the highest common divisor of 8205264 and 627.
57
Calculate the highest common divisor of 1690 and 18029089.
169
What is the highest common divisor of 4896 and 441184?
544
What is the greatest common divisor of 10477440 and 1712?
1712
What is the greatest common divisor of 410627 and 63?
7
Calculate the highest common factor of 25798030 and 110.
10
Calculate the highest common divisor of 133858 and 3010154.
254
Calculate the highest common divisor of 20034 and 702.
54
Calculate the greatest common divisor of 211839 and 543222.
879
What is the greatest common factor of 7925472 and 270?
54
Calculate the highest common divisor of 58 and 19609568.
58
What is the greatest common factor of 75477440 and 29800?
5960
Calculate the greatest common divisor of 136 and 9048064.
8
Calculate the highest common factor of 43 and 19265849.
43
Calculate the highest common factor of 4201846 and 1253.
179
Calculate the greatest common divisor of 94184 and 1891.
61
Calculate the greatest common factor of 1430 and 9513660.
130
Calculate the greatest common divisor of 13 and 94367039.
13
Calculate the greatest common divisor of 154 and 28.
14
What is the highest common factor of 2391000 and 408?
24
What is the highest common factor of 214 and 503649?
107
What is the greatest common factor of 262337435 and 24555?
8185
Calculate the greatest common divisor of 335523 and 7275.
291
What is the greatest common factor of 5379 and 157789379?
1793
What is the highest common factor of 80 and 516766670?
10
What is the greatest common divisor of 3766568580 and 540?
540
What is the greatest common factor of 660 and 43830600?
660
Calculate the highest common divisor of 3706 and 626.
2
What is the highest common divisor of 121824 and 32688?
144
What is the highest common divisor of 3108619 and 6297?
2099
Calculate the highest common divisor of 64072361 and 293.
293
Calculate the highest common factor of 27776 and 3583972.
868
What is the greatest common factor of 13830 and 539526740?
4610
Calculate the highest common factor of 4142251 and 25587.
2843
Calculate the greatest common factor of 17060 and 100876.
4
What is the highest common divisor of 541241 and 84624?
1763
Calculate the highest common factor of 408638339 and 19.
19
Calculate the greatest common factor of 6690 and 46939270.
2230
What is the greatest common factor of 198408 and 350952?
168
Calculate the greatest common divisor of 74456 and 3085384.
1816
Calculate the greatest common divisor of 3073 and 15096771.
439
What is the highest common divisor of 3765275 and 32675?
25
Calculate the highest common factor of 2764388 and 110.
22
Calculate the greatest common factor of 10096402 and 782.
782
What is the highest common divisor of 15 and 3622590?
15
Calculate the highest common divisor of 608464 and 323.
17
Calculate the greatest common divisor of 32 and 84020176.
16
What is the greatest common divisor of 6205614 and 534?
534
Calculate the greatest common divisor of 2249511 and 16577.
121
What is the greatest common divisor of 481 and 435268?
37
Calculate the greatest common factor of 6 and 7837596.
6
Calculate the highest common factor of 566580 and 23009.
133
Calculate the greatest common divisor of 726453 and 45253.
13
Calculate the greatest common divisor of 90791155 and 1690.
65
Calculate the highest common divisor of 6285 and 583545.
15
What is the greatest common divisor of 7173 and 683029?
797
What is the greatest common factor of 14935 and 1943145?
145
Calculate the highest common divisor of 16558 and 8157250.
974
Calculate the greatest common factor of 35811 and 1212903.
1557
What is the highest common factor of 535680 and 433920?
1920
What is the greatest common factor of 19215 and 1880569?
61
What is the greatest common divisor of 740 and 771184340?
740
Calculate the highest common factor of 8101774 and 2348.
1174
What is the greatest common factor of 242 and 1018578?
242
Calculate the greatest common factor of 32092843 and 46.
23
What is the highest common divisor of 36418 and 48732?
262
What is the highest common divisor of 25328400 and 16?
16
Calculate the greatest common divisor of 58204617 and 85.
17
What is the greatest common factor of 273122486 and 18039?
6013
What is the greatest common factor of 1848 and 3431652?
84
What is the greatest common divisor of 611642727 and 711?
711
Calculate the highest common divisor of 3100 and 61175400.
3100
Calculate the greatest common factor of 2196243 and 10668.
21
Calculate the highest common factor of 328 and 690153.
41
Calculate the greatest common divisor of 10852068 and 8154.
906
What is the greatest common factor of 2080 and 92818440?
520
What is the highest common factor of 6194441 and 22?
11
What is the highest common divisor of 659631 and 329349?
933
Calculate the greatest common divisor of 51332 and 36318016.
1252
What is the highest common factor of 1272 and 17799149?
53
What is the greatest common divisor of 23577199 and 43871?
2309
Calculate the highest common factor of 2373 and 596799.
21
What is the greatest common factor of 64916224 and 8843?
239
What is the greatest common divisor of 10957160 and 20?
20
Calculate the greatest common factor of 3396 and 39918848.
1132
Calculate the highest common factor of 165 and 135255.
15
Calculate the highest common divisor of 188626 and 22644.
74
Calculate the highest common divisor of 63880712 and 155346.
3046
Calculate the greatest common div